2 - 8*s + 9. Let g be j(m). Calculate t(g).
2
Let s(w) be the first derivative of w**2/2 - w + 127. Give s(10).
9
Suppose -4*a + n = 0, n - 2 = 3*a - 1. Let k(z) = 6*z**2 - 3*z - 5*z**2 + 0*z**2 - a. Let l(c) = -c**3 + c**2 + 5*c + 1. Let g be l(-2). Calculate k(g).
-1
Suppose -5*f - 8 = 2*s, -3*f + 12 = 3*s + 6. Let j(d) be the third derivative of -d**6/120 + d**5/10 + d**4/24 - 4*d**3/3 - d**2. Give j(s).
-2
Let s(j) = j - 8. Let m be (-1 - -4) + (1 - 10). Let c be (21/14)/(m/(-28)). Calculate s(c).
-1
Let g(a) = -a**2 - 22*a - 29. Let i be g(-21). Let j(v) = -v**2 - 3*v + 5. Determine j(i).
-35
Let p(y) = y. Let z(o) = -9*o - 5. Let f be z(-2). Suppose -4*l + 0*l = -3*i - f, -4 = -l + i. What is p(l)?
1
Let w = 14 + -20. Let n = 47 - 47. Let z(u) = -5*u**2 + 6*u + 32*u**3 + n - 3 - 33*u**3. Determine z(w).
-3
Let i(l) be the first derivative of -l**4/4 - l**3 - l - 24. Suppose 12 = -5*j - 3. Calculate i(j).
-1
Let n = 21 + -18. Let q(t) = -17*t**2 + 25*t**2 - 4 + 12*t - 12*t**2 - t**n. Let p be q(-6). Let c(j) = j + 4. What is c(p)?
0
Let q be (-2 + 1 + -2)*26/(-6). Let d(i) = i**3 - 13*i**2 - i + 15. Calculate d(q).
2
Let t(i) = -i**3 + 7*i**2 - 9*i + 6. Let d be t(6). Let s be 2/(2 + d/9). Suppose s*w - 27 = -3*j, w - 3*j - j = -6. Let p(c) = 2*c - 8. What is p(w)?
4
Let r be (17 - 15)*7/(-2). Let c(n) be the second derivative of -n**3/3 - 4*n**2 - 72*n. What is c(r)?
6
Suppose 5*m + 2*p = 4 + 2, -2*m + 15 = 5*p. Suppose 8*x = -m*x - 40. Let q(y) = -y - 6. Give q(x).
-1
Let n(k) = k**2 - 4*k - 3. Let j(c) = c**3 - 4*c**2 + c - 3. Let q be j(3). Let a be (0 + -48)*15/q. Let f be 1/(4*4/a). Calculate n(f).
2
Let y = 53 - 28. Suppose 2*g = 3*h + 7*g - y, 2*h = 5*g - 25. Let c(a) = -a**3 + a**2 - a - 15. What is c(h)?
-15
Let g be 4/6 - 8/(-6). Suppose 6*o = g*o - 12. Let m(b) be the first derivative of -b**2/2 - 4*b - 2. Calculate m(o).
-1
Let x(y) = -y**3 - 6*y**2 + 6. Let r be x(-6). Let k = 73 - -27. Let p(d) = 97*d + k*d - 196*d - 11. Calculate p(r).
-5
Let q(y) be the second derivative of 0 - 2*y**3 + 25*y + 1/2*y**2. Determine q(-1).
13
Let w(c) = c**2 - 14*c - 13. Let b = -842 - -856. What is w(b)?
-13
Let a = 0 - -1. Let k be (-3 + a)*-1 + -8. Let u(z) = 513 - 513 + 3*z - 4*z. Give u(k).
6
Let z(w) = -w - w - w**2 + 1 + 0*w**2. Let q = 170 + -173. Calculate z(q).
-2
Let w(d) = -d**2 - 5*d + 5. Suppose -v = 5*y + 3*v - 10, -5*y + v + 10 = 0. Suppose 5*m + 2*g = -10, m + 5*g + y = -0. Let f = m - 3. Determine w(f).
5
Let i(m) be the second derivative of m**3/3 - m. Let f(n) = n. Let d(h) = -6*f(h) + 2*i(h). Let v = -865 - -866. Determine d(v).
-2
Let c(i) be the first derivative of -i**4/4 - 2*i**3 - 7*i**2/2 - 4*i - 1. Let b be (-4)/(-6)*(-660)/110. Calculate c(b).
-8
Suppose -2*z - 494 = -484. Let f(p) = -5*p**2 - 26*p. Calculate f(z).
5
Let n(h) = 2*h - 4. Let l(m) = -m**3 + m**2 + 3*m + 4. Let f be l(0). Give n(f).
4
Let p(c) be the second derivative of -c**4/24 - 19*c**2/2 - 5*c. Let i(u) be the first derivative of p(u). Let m = 15 + -11. Calculate i(m).
-4
Let b = -1296 - -1300. Let c(m) = -2*m**2 + 9*m + 2. Give c(b).
6
Let s(q) be the second derivative of -q**4/12 - q**3/6 - q**2/2 - 15*q - 1. Give s(2).
-7
Let s be (147/(-28))/((-9)/(-12)). Let g(r) = r**2 + 9*r + 4. Give g(s).
-10
Let r(c) = 2*c**2 - 8*c + 9. Let k be (-30)/130 + (-940)/(-130). What is r(k)?
51
Let v be (13 - 15)/((36/30)/3). Let w(h) = -h**3 - 5*h**2 - 1. Calculate w(v).
-1
Let n(u) = u**2 + 20*u - 18. Let z be n(-21). Let s(h) = 8*h - 6*h + 2 + h**z - 4*h. What is s(2)?
6
Let x = 47 + -22. Suppose 4*w + x = -w, 3*w + 19 = c. Let t(l) = -4*l**2 + 6*l - 6 + 0*l**3 - l**2 + l**3 + l. Give t(c).
6
Let r be 3 + 3 - -10*(-2)/(-4). Let d(l) = l**3 - 9*l**2 - 24*l + 15. Calculate d(r).
-7
Let z(m) be the first derivative of -m**3/3 - 2*m**2 - 5*m - 9. Calculate z(-2).
-1
Let x(w) be the first derivative of 11*w**2/2 - 14*w - 5. Give x(2).
8
Let g(u) be the third derivative of u**5/60 + u**4/6 - 17*u**3/6 + 501*u**2. Determine g(-6).
-5
Let c(f) be the first derivative of f**3/6 + 3*f**2/2 + 22*f + 35. Let d(g) be the first derivative of c(g). Determine d(-4).
-1
Let v(k) = 2*k + 8. Let h be v(-6). Let q = 4 - h. Let u(f) = 5 - f**2 + 0*f - f**3 - q + f - 10. What is u(0)?
-13
Let i(p) = p + 8. Let r be i(-6). Let g(z) = 5*z - 2*z - 5 + 0*z + r. What is g(7)?
18
Let k(l) = l**3 - 7*l**2 + 4*l - 3. Let t be k(7). Let w = -31 + t. Let a(x) = -x - 1. Determine a(w).
5
Suppose 11*u = 6*u + 20. Let j(m) = 4*m + 0*m - 6*m + 5*m. Give j(u).
12
Suppose -4*z + 38 = z + u, -3*z = -4*u - 9. Let s(h) = -h**3 + 7*h**2 + 8*h - 5. Give s(z).
51
Let z be (-24)/3*((-12)/(-16))/(-3). Let q(o) = -6 - z*o**2 + 11 - 6*o + 5*o**2 - 2*o**2. Determine q(6).
5
Suppose 42*a - 140 = -518. Let z(k) = k**2 + 11*k - 1. Give z(a).
-19
Let s(b) be the third derivative of b**4/24 + 4*b**3/3 - 13*b**2. Let t = -2 + 5. Suppose 4*f + 5*q + 0*q + 39 = 0, 3 = -2*f + t*q. Give s(f).
2
Let b(k) be the first derivative of 1/60*k**5 + 0*k + 3 - 5*k**2 - 1/2*k**3 + 1/8*k**4. Let a(t) be the second derivative of b(t). Determine a(2).
7
Suppose 0*w + 2*w + 70 = 0. Let k be -3 - -1 - (w + 18). Let s(i) = -i - k + 7 + 3*i. What is s(8)?
8
Let y be 3 + -1 + 0 - 9. Let l(c) = -2*c**2 - 29*c - 17. Let o(i) = i**2 + 16*i + 9. Let z(b) = 3*l(b) + 5*o(b). Calculate z(y).
-6
Suppose 0 = -h - 2*d - 6, 3*h - 33 + 7 = 5*d. Let j(q) = -2 - 3*q**2 + 0*q**2 + q**3 + 8*q**2 - 2*q**h. Let w be j(-3). Let k(n) = -n**2 - n + 2. Give k(w).
0
Let j(q) = q**3 - q**2 + 3*q - 8. Let b(t) = t**3 - t**2 + 2*t - 7. Let k(g) = -3*b(g) + 2*j(g). Suppose 25*c = -13*c - 6*c. What is k(c)?
5
Let m(o) = -8*o**2 + 2*o - 1. Suppose -5*d + 12 = 7. Give m(d).
-7
Let q = 68 + -65. Suppose 0 = 4*i - 4, -3*o + q*i = -5*o - 17. Let z(c) = -2*c - 14. Calculate z(o).
6
Let t(s) be the first derivative of s**6/120 - s**3/6 - 4*s**2 - 15. Let l(h) be the second derivative of t(h). What is l(2)?
7
Let q = 47 - 31. Let d be (0 + 1)*(-16)/q. Let y(m) = 3 - 5*m - 3. Determine y(d).
5
Let u(a) = -14*a + 59. Let b(k) = -5*k + 21. Let p(z) = -8*b(z) + 3*u(z). Give p(9).
-9
Suppose 0 - 5 = -f - 3*v, -3 = -3*f - 3*v. Let y(c) = 3*c**3 - c**2 + 7*c + 4. Let i(l) = -2*l**3 + l**2 - 5*l - 3. Let b(t) = -7*i(t) - 5*y(t). Determine b(f).
0
Let u(v) = -5*v - 26. Let k(l) = -14*l - 68. Let m(i) = 3*k(i) - 8*u(i). Determine m(9).
-14
Suppose 3*r = 4*p + 35, -4*p = -92*r + 90*r + 30. Let y(f) = -f**2 + 4*f - 2. What is y(r)?
-7
Let h be (-6)/8*(5 + -13). Let m(i) = 16*i**3 - 1 + h - 6 - i + 0. What is m(-1)?
-16
Suppose -2*w + 14 = -2*d, -5*w = 5*d - 4*d - 17. Let r(s) = -12*s + 6. What is r(d)?
42
Let s(y) = 2*y - 1. Let a = -17 + 20. Suppose -d = a - 9. Suppose -d*l = -5*l - 2. Determine s(l).
3
Suppose -2*b = -6 - 8. Let h(x) = -8*x + 64. Let j be h(b). Let a(g) = g**3 - 7*g**2 - 9*g + 5. Give a(j).
-3
Let j(p) = -p**2 - 5*p. Suppose -4*w = -32 + 208. Let b = w - -40. What is j(b)?
4
Suppose -75 = -79*m + 74*m. Let j(f) = 39 - m - 17*f - 23. What is j(2)?
-33
Let n(z) = 7*z**2 + 5*z - 3. Let l(k) = -20*k**2 - 16*k + 9. Let o(a) = 6*l(a) + 17*n(a). Calculate o(-11).
3
Let f(l) be the third derivative of -5/24*l**4 + 0 + 6*l**2 + 0*l**3 + 0*l - 1/120*l**5 - 7/360*l**6. Let c(s) be the second derivative of f(s). What is c(1)?
-15
Let t(x) = 0*x - 7 - 3*x + x**3 + 4*x**2 + 0*x - 3*x. Let c = 4 + -8. Let s be (-5)/(-2*c/8). Calculate t(s).
-2
Let y(w) be the first derivative of w**4/4 - w**2/2 + 2*w - 1. Let m(f) = -f**3 - 5*f**2 + 7*f + 6. Let p be m(-6). What is y(p)?
2
Let j(c) = c - 1. Suppose 3*b = 4*p + 2, 0 = 4*b - 3*p - p - 4. Let y be (b - 47)/5 + 4. Determine j(y).
-6
Let i(a) = -a**2 + 3 - 2*a - a**3 - 1 + 2*a**3. Suppose p - 3*y + 2*y = 37, 0 = -3*p + 2*y + 106. Let w = -29 + p. What is i(w)?
14
Let v(j) = 24*j - 43. Let h(r) = 21*r - 44. Let i(x) = -6*h(x) + 5*v(x). Give i(9).
-5
Let o(w) = 8*w**2 + 38*w. Let r be o(-5). Let u(i) = i**3 - 10*i**2 + 7*i - 15. Determine u(r).
55
Let f = 141 - 138. Let s(d) = -8*d - 2. Let q(k) = -4*k - 1. Let h(y) = 11*q(y) - 6*s(y). What is h(f)?
13
Let o(c) = 3*c - 2. Let x(d) = -2*d + 1. Let s(l) = 5*o(l) + 6*x(l). Let k be s(3). Let f(v) = -5*v**2 + k*v + 4*v**2 - 5 + 12. What is f(6)?
1
Let u be -1*2/(-10) + (-9)/(-5). 